Is 264209551 composite?
False
Is 834623189 composite?
False
Is 287757515 a composite number?
True
Is 62925572603 a prime number?
False
Is 1717124757 prime?
False
Is 47384093401 a prime number?
False
Is 48127829381 a composite number?
False
Is 5301741561 composite?
True
Is 102553507229 prime?
True
Is 737865763 a prime number?
False
Is 25086441773 a composite number?
True
Is 101599819 a composite number?
True
Is 7024114483 a prime number?
True
Is 28710243769 composite?
False
Is 6106040555 composite?
True
Is 6618408877 a prime number?
True
Is 15767416867 composite?
True
Is 10120414553 prime?
True
Is 1643436721 composite?
True
Is 220247112419 prime?
True
Is 12986353693 prime?
True
Is 1866207451 composite?
False
Is 11069898209 composite?
False
Is 114125699 composite?
False
Is 1225075834 composite?
True
Is 60175199527 a prime number?
False
Is 1113047989 composite?
True
Is 414795341 prime?
True
Is 322173211 prime?
True
Is 3681884611 prime?
False
Is 88602401 a prime number?
True
Is 894321253 composite?
True
Is 15903791411 a prime number?
False
Is 1288564349 composite?
True
Is 12271319947 composite?
False
Is 54195431957 a composite number?
False
Is 12532286567 prime?
False
Is 190252939 a prime number?
False
Is 11529202523 prime?
True
Is 430377367 prime?
False
Is 71605451 composite?
False
Is 1328743217 prime?
True
Is 1684539209 a composite number?
True
Is 43859430563 prime?
False
Is 4743304715 a composite number?
True
Is 2361537533 a composite number?
False
Is 1495940153 a composite number?
True
Is 43814127641 composite?
True
Is 2660691169 a composite number?
False
Is 2042025217 a prime number?
False
Is 204761891 a composite number?
False
Is 15707757469 a prime number?
False
Is 13524336041 a composite number?
False
Is 7506487969 prime?
True
Is 1486228979 composite?
False
Is 1271024153 a composite number?
True
Is 14538172343 composite?
False
Is 1361099183 a composite number?
True
Is 37358060527 prime?
True
Is 4911222889 composite?
True
Is 21873473 a prime number?
False
Is 9173399881 composite?
False
Is 15159686011 prime?
True
Is 207763880915 composite?
True
Is 102952876011 a composite number?
True
Is 8337190093 a composite number?
False
Is 619968431 prime?
True
Is 3632317127 a prime number?
False
Is 147130939 a composite number?
False
Is 207319319 prime?
False
Is 55782995 prime?
False
Is 2380616167 a composite number?
False
Is 72971557 a prime number?
True
Is 3418756703 prime?
True
Is 9025730551 a prime number?
False
Is 173907169 composite?
False
Is 108498617 a composite number?
True
Is 5449113002 composite?
True
Is 3426558866 a prime number?
False
Is 102277645 composite?
True
Is 8085892207 a prime number?
False
Is 19934835881 a prime number?
True
Is 5777729081 prime?
True
Is 24257594423 a prime number?
False
Is 16076590318 a composite number?
True
Is 871477007 a composite number?
False
Is 1907987623 a composite number?
False
Is 3051526661 a composite number?
False
Is 6074604077 prime?
True
Is 1064924015 composite?
True
Is 1454671061 a composite number?
False
Is 39223964987 a composite number?
True
Is 2645856359 a prime number?
False
Is 18381799 a prime number?
False
Is 105239805933 prime?
False
Is 413240507 prime?
True
Is 355722517 prime?
False
Is 128330652631 composite?
False
Is 595000057 a composite number?
False
Is 1918603459 prime?
False
Is 418214337 a prime number?
False
Is 7141451533 a prime number?
True
Is 33959305 prime?
False
Is 11502850241 composite?
False
Is 637328527 a composite number?
True
Is 1692939103 a prime number?
False
Is 52770541 prime?
True
Is 178570780733 prime?
False
Is 128317148137 a prime number?
True
Is 15536074819 composite?
True
Is 19001560609 composite?
True
Is 1571145229 composite?
False
Is 673648543 a prime number?
True
Is 25719190669 prime?
True
Is 25844145329 composite?
False
Is 4662532489 composite?
True
Is 478566137 a prime number?
False
Is 42139855405 composite?
True
Is 933923057 prime?
True
Is 427448419 a prime number?
True
Is 2571554737 a composite number?
False
Is 57819190483 prime?
False
Is 7067128859 a prime number?
False
Is 10557989039 composite?
True
Is 5598914669 a composite number?
False
Is 16322 a composite number?
True
Is 44205119347 composite?
True
Is 1895875133 composite?
True
Is 1948796447 a composite number?
True
Is 254060783 composite?
True
Is 5324481823 prime?
False
Is 12405416143 a prime number?
False
Is 3747046661 prime?
True
Is 319800341 composite?
True
Is 1935916881 a prime number?
False
Is 2716544183 a composite number?
False
Is 204792097 a prime number?
True
Is 1742462749 prime?
True
Is 202282481 prime?
True
Is 141217691029 a prime number?
True
Is 10375118591 prime?
True
Is 845431061 composite?
True
Is 6153100061 a prime number?
True
Is 253455753554 prime?
False
Is 78036913 composite?
False
Is 1571122681 a composite number?
False
Is 8590069463 composite?
True
Is 102859651 prime?
True
Is 126095076589 composite?
True
Is 230030051 composite?
False
Is 1819765367 prime?
False
Is 13104859 composite?
False
Is 5359448711 a prime number?
True
Is 11139608027 a composite number?
True
Is 38678872961 composite?
False
Is 30611378827 a prime number?
True
Is 6611287609 prime?
True
Is 90535037 prime?
False
Is 345596177 prime?
True
Is 5556770137 prime?
True
Is 60476182229 composite?
False
Is 266213347 composite?
False
Is 9322528559 prime?
True
Is 5557082767 prime?
True
Is 779728531 composite?
True
Is 19331138873 a prime number?
True
Is 3240266791 prime?
False
Is 14979335599 composite?
False
Is 22719766067 a prime number?
True
Is 500081867 composite?
False
Is 12858992987 a prime number?
False
Is 4473268127 composite?
False
Is 18395679377 prime?
True
Is 8608388863 a composite number?
True
Is 1982723813 prime?
False
Is 1959091201 prime?
False
Is 2545503907 composite?
False
Is 3466873583 prime?
True
Is 2415678619 prime?
False
Is 528177323 a prime number?
True
Is 4360196801 a prime number?
True
Is 384993337 a composite number?
True
Is 448594985 a prime number?
False
Is 63817298521 composite?
False
Is 4487199853 composite?
False
Is 8528021969 a prime number?
True
Is 26919382069 composite?
False
Is 17547227 prime?
True
Is 13018009973 a composite number?
False
Is 3218157139 prime?
True
Is 60923873 composite?
True
Is 4417306321 a prime number?
True
Is 34678110557 a prime number?
True
Is 3090686233 a prime number?
True
Is 7401520219 prime?
False
Is 270846850159 a composite number?
True
Is 4124711 a prime number?
True
Is 42089139591 composite?
True
Is 598339880621 composite?
True
Is 643324189 composite?
True
Is 549228248021 prime?
True
Is 2030366629 a prime number?
False
Is 189103760227 a prime number?
True
Is 18715491577 a prime number?
False
Is 758805499 a composite number?
False
Is 5226429937 composite?
True
Is 264804601 composite?
True
Is 23435004113 composite?
False
Is 11087023577 prime?
False
Is 80585751131 composite?
False
Is 46085943262 composite?
True
Is 86207910241 composite?
False
Is 2691497063 prime?
True
Is 51448897537 a composite number?
False
Is 1065822773 a prime number?
True
Is 39599170159 prime?
False
Is 3814573561 a prime number?
False
Is 26771673847 a prime number?
True
Is 1694946479 a composite number?
True
Is 261276989 composite?
False
Is 87095369311 prime?
False
Is 70694694359 prime?
True
Is 1065427673 a composite number?
True
Is 300972613 composite?
True
Is 10079772127 composite?
True
Is 41728670869 a composite number?
False
Is 1847581343 a composite number?
True
Is 4472076958 composite?
True
Is 2289199642 composite?
True
Is 11884686389 a composite number?
False
Is 1902948251 a prime number?
False
Is 5685182759 a composite number?
False
Is 130408083259 prime?
True
Is 1037812481 prime?
False
Is 1734056465 a composite number?
True
Is 841293287 composite?
True
Is 823638371 composite?
False
Is 3631653613 a composite number?
True
Is 142090681 a composite number?
False
Is 59787736043 a prime number?
False
Is 11020481 a composite number?
False
Is 16723713179 composite?
False
Is 153429049 a composite number?
False
Is 1287515539 a prime number?
True
Is 503917483 prime?
True
Is 2139128461 prime?
True
Is 3665259457 prime?
False
Is 15559588909 composite?
False
Is 3913958801 a prime number?
True
Is 39487099943 a composite number?
False
Is 12330944799 composite?
True
Is 20069156427 a composite number?
True
I